82. Is g a composite number?
False
Suppose 2923233 - 27162688 = -21*r + 12535808. Is r a composite number?
True
Let v be (-1229)/(0 + (-5)/(-2) + -3). Let j be 3681 - 0 - (-2 - (-2 - -3)). Let c = j - v. Is c a prime number?
False
Let t = 324 + -653. Let r = -423 + 621. Let d = r - t. Is d composite?
True
Let p = 81 - 145. Let q = p + 79. Is ((-65)/q + 5)/(2/771) a composite number?
False
Suppose 0 = -8*h + 6*h + 10. Suppose h*r + 2*x = -9, -4*r = 2*x - 0*x + 6. Let c(p) = -13*p + 7. Is c(r) a composite number?
True
Let l = -574820 - -1361479. Is l composite?
False
Let x be 9/6 + -3 + (-1593)/2. Let w = 779 - x. Is w a prime number?
False
Is (-10712805)/(-270) - (-4)/(-72) a composite number?
True
Suppose 3*w = 0, 2*f + 5*w - 20 + 4 = 0. Suppose 3*p + f = 2*s + 2*s, -2*p = -8. Suppose 4*k = s*y + 3*k - 4492, 4*y - 3602 = -2*k. Is y prime?
False
Let n(h) = -21*h + 1437. Let t = 495 + -495. Is n(t) a prime number?
False
Suppose -4*o + 32 = 4*c - 0, -o + 35 = 4*c. Let v be (-1)/(4/(-4)) - 0 - c. Is (7/(-2) + 0)/(v/2672) a prime number?
False
Let v(t) = t**2 + 68 + t - 32*t - 7*t + 2*t**2. Is v(33) a prime number?
True
Let a(t) = -27272*t**3 - t**2 - 26*t - 26. Is a(-1) prime?
True
Suppose 3 - 8 = -d. Suppose 2*z - 21 = -4*i + z, d*i - 25 = -z. Suppose -4*o = g - 4*g + 1591, i*g = -4*o + 2168. Is g composite?
True
Let r be 0 + -3 + 5 + 2. Suppose -10275 = -r*k - v, v - 5137 = -2*k - 0*v. Is k prime?
False
Let h(m) = -m**3 + 17*m**2 - 36*m + 11. Let j be h(20). Is (6/4)/(3/(-4)) - j prime?
True
Let u(i) = -2*i**2 - 18*i**3 - 91 + 95 - 16*i**3 + 5*i. Is u(-3) prime?
False
Suppose 0 = 3*o - d - 138152, -212592 + 28386 = -4*o + 2*d. Is o a composite number?
False
Let o = 266 + -266. Suppose -5*b - 15 + o = 0, 4216 = s - 5*b. Is s a composite number?
False
Let m be (-5)/(-5)*-1*-2. Suppose -r = -0*l + m*l + 5, -3*l - 5*r = 18. Is 6069 + 2 + (7 - 3)*l composite?
False
Suppose 4*n - 20 - 5 = -5. Let q = 1891 - 1275. Suppose 2249 = n*z - q. Is z composite?
True
Let o be 106/8 - 37/148. Suppose 0 = o*d - 4399 - 3570. Is d a composite number?
False
Let z be (6/8)/((-15)/(-480)). Suppose 0 = -2*d + 28 - z. Suppose 4*j + 1705 - 14181 = -d*l, 0 = 3*j + 2*l - 9359. Is j composite?
True
Let i = -14364 + 252720. Suppose -6*u + 1716 = -i. Is (-2)/(-6) + u/42 composite?
False
Let y(p) = p**3 - p**2 - 4*p + 26. Let j be y(0). Suppose -21*c - 10355 = -j*c. Is c prime?
False
Suppose 264*s = 14891866 - 971410. Is s a prime number?
False
Let z(w) be the second derivative of -11*w**3 - 45*w**2/2 - 14*w - 2. Is z(-11) composite?
True
Suppose 6 - 31 = 5*l. Let y be -249 - (-5 - l)*(-1)/(-2). Let z = 586 + y. Is z prime?
True
Let j = 167390 - 5031. Is j a composite number?
False
Suppose 0 = 4*t + 137 + 95. Let j = t + 220. Let r = 841 - j. Is r composite?
True
Suppose -6*x + 2*b + 5 = -5*x, 0 = -x + 5*b + 17. Let s(g) = 365*g**2 + 4*g + 2. Let y be s(x). Let z = y - 1794. Is z prime?
True
Suppose 17125*g - 17150*g = -22775975. Is g composite?
False
Let y(b) = 280*b**2 - 82*b + 1313. Is y(41) composite?
True
Suppose 2*w + g = 4678, -2*w - 3*g - 9356 = -6*w. Let i be (20/(-2 - -4))/(2 - 111/56). Let x = w - i. Is x a composite number?
True
Is -25 - (11157792/(-24) + -26) a prime number?
True
Let a(p) = 180494*p**2 + 18*p - 21. Is a(1) prime?
True
Suppose 27*m + 63 = 30*m. Suppose m*h - 47*h + 250718 = 0. Is h a composite number?
False
Let r(k) = -2865*k + 11087. Is r(-6) a composite number?
False
Suppose 1 = -h, 1429*b - 5*h = 1434*b - 190410. Is b prime?
True
Suppose 12121312 + 5136676 = 122*i - 8208170. Is i a composite number?
False
Let m(b) = -12*b + 2. Let q = 39 - 46. Let j be m(q). Suppose 2*g - 4*t - j = 0, -g + 3*g - 89 = 5*t. Is g a prime number?
True
Let c be 10/6*666/(-555). Suppose 0 = -3*o - 5 - 4. Is 293*-1*(o - c) a composite number?
False
Let z be (959/63 - 6) + 4/(-18). Suppose 2*y - z*y = -17171. Is y composite?
True
Let o = 40 - 29. Let v be (-1 + 3)*21/(-14). Is v/(-2)*(o - -3) prime?
False
Suppose -345*y - 7930001 = -97720736. Is y a composite number?
False
Let o be 6/(-10) - (-2301)/(-65). Let s = 37 + o. Is s/(-2)*(2 - 11770)/4 composite?
False
Suppose -6*v + 61 = 3*l - 8*v, -l + 13 = 3*v. Let g(q) = 19*q**2 - 20*q + 120. Is g(l) prime?
True
Suppose 3228*t - 2393 - 19165 = 3222*t. Is t a composite number?
False
Let r = 87 - 51. Let l = -33 + r. Suppose 507 = -z + l*z + c, c = -1. Is z prime?
False
Let v be 21/(-15)*(4 - (-4 + 3)). Is (-176565)/v - (-240)/(-420) prime?
False
Suppose 0 = 101*b - 95*b - 84. Suppose i - 3*i = 5*a - 60, -a + i = -5. Suppose a*f = b*f - 1228. Is f prime?
True
Suppose 0 = -13*b - 9 + 35. Is (-8 + -393)*6/(-4)*b a composite number?
True
Let b be (0 - -34) + (-23)/(138/36). Suppose b*p - 51*p = -2083777. Is p a composite number?
False
Suppose -20 = 5*f - k - 51, -2*f - 5*k + 34 = 0. Let l(i) = 48*i + 37. Is l(f) a composite number?
False
Suppose 2*f = f + 5*t + 1617, 2*f = -3*t + 3299. Suppose 5*k = 6*k - f. Is k a composite number?
True
Let z be 8/56 + (-7)/49. Suppose 8*t - 52*t + 283316 = z. Is t prime?
False
Let w(k) = k**3 - 2*k**2 - 2*k - 10. Let g be w(5). Let n = -37 + g. Suppose -17*h - 1361 = -n*h. Is h composite?
False
Let i(a) be the second derivative of -a**5/60 - 11*a**4/24 + 49*a**3/6 + 14*a**2 + 40*a. Let x(h) be the first derivative of i(h). Is x(-9) a composite number?
False
Let u be (120/18 - 6)*669. Let h = u - -705. Is h composite?
False
Let c(d) = 5*d**2 + 12*d + 17137. Is c(0) a prime number?
True
Let x be 1 - (-10 - -6) - -624. Suppose -w + 621 = 2*m, 8*w = 7*w - 4*m + x. Is w prime?
True
Suppose 10*m = 4*m + 19218. Is (-1 + (-15)/(-3))*m/4 a composite number?
False
Is (-42141072)/(-240) - 18/10 composite?
True
Let o be 8166/(-15)*(-45 - (0 + -5)). Suppose -f - 15*f + o = 0. Is f a composite number?
False
Let g = -65 + 68. Let n be (-4 + -22)/((9/(-3))/g). Let b = n - -123. Is b a composite number?
False
Let y(w) = 19*w**2 - 213*w**3 + 142*w**3 - 5 + 23*w - 7*w**2. Is y(-5) composite?
True
Suppose 3*f - 485073 = -3*j, -4*j + 4*f = -5*j + 161685. Suppose 4*n + 3*n = j. Is n prime?
True
Suppose -4*m - 18*v + 92 = -20*v, 21 = m - v. Is m/(-5) + 38*54 composite?
True
Suppose -y = -0*y + 20. Let i = y + 23. Is i - (-100)/(1 + 1) composite?
False
Let z = 47663 - 1444. Is z prime?
True
Let n(y) = 82*y + 42. Let p be n(-5). Let m = -227 - p. Is m composite?
True
Let j(p) = -133*p**2 - 21*p - 34. Let k(d) = -265*d**2 - 46*d - 68. Let f(w) = 5*j(w) - 3*k(w). Is f(-15) prime?
True
Is (-750542)/39*(-5 - -2) prime?
False
Suppose 3*t + t + 4120 = 4*c, 3090 = 3*c + 5*t. Suppose -b = -4262 + c. Suppose -84 = 4*z - b. Is z a composite number?
False
Suppose 6*j + 105 = -j. Let i be (j*(-8)/20)/(-1 - -3). Suppose 2*c = -i*l + 233, l = 6*l - 5. Is c a prime number?
False
Let o be ((-130105)/(-4))/(-5) - 9/(-36). Let i = -4031 - o. Is i a composite number?
True
Suppose -810082 - 3982592 = -36*c + 1414770. Is c composite?
True
Let y be (-8)/(-10)*(-14)/(196/(-945)). Is (3 + (-9084)/(-9))/(18/y) a prime number?
True
Let c be 10*(-1)/(-4)*(-152)/(-4). Suppose -4*z - c - 1 = 0. Is (-36)/z*(-148)/(-6) composite?
False
Suppose -8*q + t = -3208901, -q + 4*t = -5*q + 1604464. Is q a composite number?
False
Let m(p) = -6*p**3 - 7*p**2 + 7*p - 14. Let x(k) = k**3 + 1. Let a(t) = m(t) - 6*x(t). Is a(-9) a composite number?
True
Let x(t) = -t + 1822*t**2 - 1221*t**2 - 7 - 6*t. Is x(-2) prime?
True
Suppose -2*h = m + 12 + 5, 0 = -3*m - 15. Let q be (-8)/h*(-2 - 1759). Is (-4 + 5)/((-4)/q) a composite number?
False
Let l(j) = -j**3 + 9*j**2 + 10*j + 3. Let w be l(10). Suppose 5111 = w*g + 4*z - 15214, -3 = z. Is g composite?
False
Let l = -691501 + 1158144. Is l composite?
True
Suppose -5*k = 34 - 4. Let o be (3 - 4/(-16)*-14)*k. Suppose u + 2*f = -2*f + 449, -2*u = o*f - 903. Is u a prime number?
False
Let q = 7603 - -6448. Suppose 2*b - 5*u = -1140 + q, 0 = 3*b - 3*u - 19362. Suppose 3*i = 3*j + b, -i + 2*i - 2145 = 4*j. Is i composite?
False
Let c be 8/6 - 224/168. Suppose 3*t - 117 - 756 = c. Is t prime?
False
Let f = 7 - 14. Let o(t) = -6*t**3 + 15*t**2 + 2*t + 7. Let a(w) = w**3 - w**2 - 1. Let p(d) = 5*a(d) + o(d). Is p(f) a composite number?
False
Suppose 0 = -13*z + 5*z + m + 1070338, -m = -4*z + 535166. Is z a composite num